 of h?
5
Suppose 13*g + 16*g = 31697. What are the prime factors of g?
1093
Let u = 915 - 458. List the prime factors of u.
457
Let z be (-3 - -18) + (-8)/(-4). Suppose s - 13 - z = 0. What are the prime factors of s?
2, 3, 5
Suppose -22933 = -23*q + 69481. What are the prime factors of q?
2, 7, 41
Let z = -12 - -116. Let w = 237 - z. List the prime factors of w.
7, 19
Let h = -17 - -15. Let k be 7/2 + 3/6. List the prime factors of (-45)/h + 2/k.
23
Let u be (11 - -128) + (-3 - 0). Suppose 0 = r - u - 29. List the prime factors of r.
3, 5, 11
Suppose i = 5*w + 5*i - 52, -2*i = -6. Suppose -y + w + 3 = -2*d, 5*y + 5 = 0. Let b = d + 53. List the prime factors of b.
47
Let s(j) be the third derivative of j**5/5 - j**4/8 + 2*j**3/3 + 6*j**2. What are the prime factors of s(2)?
2, 23
Let n(z) = 4*z**2 - 7*z - 5. Let f be n(-7). Suppose k - f = -2*k. Let r = -49 + k. What are the prime factors of r?
31
Let t = 704 + -350. What are the prime factors of t?
2, 3, 59
Let o = 739 + -159. What are the prime factors of o?
2, 5, 29
Let d be 5/((-15)/12) + -1. Let r be 4/(-2) + 1 + 11. What are the prime factors of 4/r - 18/d?
2
Let v = -46 - -77. Let p = 79 + v. List the prime factors of p.
2, 5, 11
Suppose 5 = 4*i - 15. Let n(x) = -x**2 + 6*x - 8. Let v(o) = -o**2 + 6*o - 7. Let z(j) = -4*n(j) + 3*v(j). List the prime factors of z(i).
2, 3
Let m(b) = -b + 5. Suppose 1 = 2*u - 11. Let x be m(u). List the prime factors of (-3 - x)*-1 - -5.
7
Let d(v) = -v - v + 2*v**2 - 2 + 0*v**3 - 5*v**2 - 3*v**3. What are the prime factors of d(-3)?
2, 29
Suppose 0 = -5*j - t + 80, 5 = -2*t + 15. Suppose -j = -p - 2*p. Suppose z = -p*a + 3*a + 81, 5*a = -3*z + 202. What are the prime factors of a?
41
Let u = 488 - 244. What are the prime factors of u?
2, 61
Let l(y) = 15*y + 133. What are the prime factors of l(12)?
313
Let h(x) = x**2 + 2*x - 4. Let t be h(-3). Let g be 1/t*(-373 - -1). List the prime factors of g/28 - 4/14.
13
Let p be (-1)/(0 - (-3)/(-12)). Suppose 0 = -p*d + 9*d - 2*x - 564, 3*d = 3*x + 333. List the prime factors of d.
2, 3, 19
Suppose -p - p = -4. Suppose 2 = 2*s - p*n, 21 - 8 = 3*s + 2*n. Suppose -5*u + 37 = 4*k - 23, 0 = 4*u - s*k - 17. List the prime factors of u.
2
Let q = -1 - -1. Let d(u) = -u**2 - 33*u - 10. Let w be d(-32). Suppose 2*m - 14 = 5*i - 124, q = -i + 4*m + w. List the prime factors of i.
2, 11
Let o(a) = 3*a - 10. Let m be o(4). Let b(s) = -s - 7*s**m + 8*s**2 - 3*s + 5 + 2*s. What are the prime factors of b(4)?
13
Suppose 3*t = 0, y - 2*t - 13 = -6*t. Suppose i - y - 42 = 0. Suppose c = 6*c - i. List the prime factors of c.
11
Let x(d) = 9*d - 10. Let v be x(10). List the prime factors of (-3 + -1)/((-8)/v).
2, 5
Let n be (-12)/14*(2 + 5). Let k be n/15 - 66/(-15). Suppose -k*u + 82 = -38. What are the prime factors of u?
2, 3, 5
Suppose -5*v - 138 = 122. Let b = 5 - v. What are the prime factors of b?
3, 19
Suppose -v + 36 = 3*v. Let x = v - 14. Let p = 1 - x. What are the prime factors of p?
2, 3
Suppose 4*x - 3*i = -2*i + 3017, -3032 = -4*x - 4*i. Suppose -7*o + 9*o - 302 = -3*l, -4*l - x = -5*o. What are the prime factors of o?
151
Suppose -3*d - 649 = -2*i, 10*i - 9*i + 4*d = 308. List the prime factors of i.
2, 5
Let c(f) be the first derivative of -f**5/10 - 5*f**4/12 + f**3/2 + 4*f**2 + f - 3. Let z(a) be the first derivative of c(a). List the prime factors of z(-4).
2, 11
Let d be (-731)/(-6) - (-6)/36. Let b = d + -73. List the prime factors of b.
7
Suppose -2*h - 5*c + 1644 - 119 = 0, 0 = 5*h - 4*c - 3862. List the prime factors of h.
2, 5, 7, 11
Let o be 1/(670/334 - 2). Suppose 5*w - 128 - o = 0. What are the prime factors of w?
59
Let l be 2/(-6)*0/(-4). Suppose m = 5*d + 2 - l, -4*d - 115 = -5*m. Suppose -m = -h + 23. List the prime factors of h.
2, 5
Let n(r) = -39*r + 13. Let p(c) = -13*c + 4. Let l(y) = -3*n(y) + 8*p(y). List the prime factors of l(2).
19
Let h = 7 + -2. Suppose -2*l - 5*p + 69 = 0, -l - 47 = -2*l - h*p. List the prime factors of l.
2, 11
Suppose 0 = 5*z - 8*z - 135. Let f = -29 - z. Suppose 2*v - f = 26. List the prime factors of v.
3, 7
Suppose -5*m = -5*k + 355, -20 = k - 2*m - 95. List the prime factors of k.
67
Let w(r) = -2372*r - 11. What are the prime factors of w(-1)?
3, 787
Let a(u) = 72*u**2 - 5*u + 5. Let m be a(-3). Let t = -418 + m. What are the prime factors of t?
2, 5
Let d(u) = u**2 + 10*u - 31. Let n be d(-14). List the prime factors of 810/n - -1*3/5.
3, 11
Let b be -1 + 0 - (-4 + 23). Let k = b + 14. List the prime factors of -16*(k/(-4))/(-3).
2
List the prime factors of (-1*28)/(5/(-77 - -7)).
2, 7
Let b(n) = -n**3 + 10*n**2 - 8*n - 4. Let t be b(9). Suppose -3*y + 3 = -7*y + t*f, 5*y + 14 = -4*f. What are the prime factors of 15 + (y - 0) + -2?
11
Let m be 46/(-253) + 2/11. Suppose 0 = -m*v - 2*v + 4. Suppose -t - 5*d - 108 = -3*t, -4*t - v*d = -216. List the prime factors of t.
2, 3
Let c(y) = -456*y + 96. List the prime factors of c(-3).
2, 3, 61
Suppose 2*v - 4 = -2*a, -5*a - v + 5*v + 10 = 0. Suppose -3*p = -5*w - 50, -2*p + p + 21 = -a*w. Let r = w + 21. What are the prime factors of r?
2
Let g be (-1)/((21/(-6))/7). Suppose -g*l = -33 - 7. List the prime factors of l.
2, 5
Let o = 5199 + -3557. List the prime factors of o.
2, 821
What are the prime factors of (-2 - -2 - 248)/(23/(-46))?
2, 31
Let m = 130 + 0. Suppose 2*w + 246 = 5*y - 73, 0 = 3*y - w - 191. Let v = m - y. What are the prime factors of v?
67
Suppose 4*h + 5 - 2 = k, 2*k - 6 = 3*h. Let p = -1 + k. What are the prime factors of 3 - -2 - (5 - p)?
2
Suppose 0 = -3*x - 66 + 183. List the prime factors of 572/6 + (-52)/x.
2, 47
Let w(f) = -172*f - 80. What are the prime factors of w(-3)?
2, 109
Let u(c) = -6*c**2 - 5*c. Let r be u(-5). Let o be r/(-15) + 1/(-3). Suppose -5*m = -o*m + 21. What are the prime factors of m?
7
List the prime factors of (-6)/18 + ((-507)/(-9) - -1).
3, 19
Let d(s) = 1. Let t(w) = -10*w + 3. Let i(n) = 4*d(n) - t(n). Let x be -5 + (2/(-4))/(1/(-12)). List the prime factors of i(x).
11
Let i(z) = z**3 - 3*z**2 + 16*z - 8. What are the prime factors of i(7)?
2, 3, 5
Suppose -5*t = 3*d + 19, -t - 1 - 7 = 2*d. Let q be 1 - 75/d*1. Let l = -11 + q. List the prime factors of l.
3, 5
Suppose -4*u + 1871 = 3*k, -4*k = -2*u + 1063 - 111. Let i = u - 839. What are the prime factors of 4/(-22) - i/33?
11
Suppose -4*l + 5*l + 4*k - 26 = 0, 2*k + 42 = 2*l. Let h(d) = d**2 - 19*d + 9. What are the prime factors of h(l)?
3, 5
Suppose -x + 3 = 1. Suppose 4*g = x*g. Suppose -a + 32 = -9*l + 4*l, 2*a + l - 31 = g. What are the prime factors of a?
17
Let g(u) = 6*u + 4. Suppose 0 = -0*r - 3*r + 18. List the prime factors of g(r).
2, 5
What are the prime factors of ((-3)/12)/((-7)/5740)?
5, 41
Let d be (4 - 35/10)*20. Suppose 0 = 3*p + b - 161, 0 = 2*b - 0*b - d. List the prime factors of p.
2, 13
Let m(c) = -c**3 - 2*c + 73. Let x = -59 - -59. List the prime factors of m(x).
73
Suppose 2*y - 47 = 183. What are the prime factors of y?
5, 23
Suppose -4*t = 12, 3*t - 4*t + 14077 = 4*q. List the prime factors of q.
2, 5, 11
Suppose -43*n - 8640 = -51*n. List the prime factors of n.
2, 3, 5
Let g(m) = 4*m**3 - 3*m**2 + 4*m - 12. What are the prime factors of g(5)?
433
Let k be 0/1*(-23)/(-69). Suppose k*h = 5*h - 395. List the prime factors of h.
79
Let o = -15 + 18. Suppose o*s + 370 = 4*c + 2*s, -289 = -3*c - 5*s. What are the prime factors of c/4 - 2/8?
23
Suppose 0 = -3*h - 4*v + 4234, 2*h - 1407 = h + 3*v. What are the prime factors of h?
2, 3, 5, 47
Suppose -124 = -7*m + 212. Let h = 176 - m. What are the prime factors of h?
2
Let b = -15 + 15. Suppose -4*p + 2*p + 26 = b. What are the prime factors of p?
13
Suppose r = 0, 4*m + 506 = 6*m - 4*r. What are the prime factors of m?
11, 23
Let s = 59 + -58. List the prime factors of (63 - s) + 4/(-4) + -2.
59
Let q(i) be the second derivative of i**4/12 - i**3/2 + i**2 - 2*i. What are the prime factors of q(5)?
2, 3
Let j be 6 - 33/6 - 491/(-2). Let k = -109 + j. What are the prime factors of k?
137
Let h(f) = 26*f - 16. Let j be h(-10). Let y = -144 - j. List the prime factors of y.
2, 3, 11
Let t = 6368 + -4180. What are the prime factors of t?
2, 547
Let b be (-1 - -1)/(4 + -6). Suppose -2*u = o - 3*o + 24, 4*u + 4*o + 88 = b. Let c = u + 28.